{"id":1486,"date":"2024-02-06T19:45:44","date_gmt":"2024-02-07T00:45:44","guid":{"rendered":"https:\/\/furglam.net\/?post_type=product&#038;p=1486"},"modified":"2024-04-01T16:47:02","modified_gmt":"2024-04-01T21:47:02","slug":"charly-garcia-clix-modernos","status":"publish","type":"product","link":"https:\/\/furglam.net\/index.php\/product\/charly-garcia-clix-modernos\/","title":{"rendered":"Charly Garc\u00eda &#8211; Clix Modernos"},"content":{"rendered":"<p>Camiseta de algod\u00f3n de Charly Garc\u00eda sin colores negros estampados.<\/p>\n","protected":false},"excerpt":{"rendered":"<p>Luce en tu Furglam la portada de uno de los mejores \u00e1lbumes de Charly.<\/p>\n","protected":false},"featured_media":1447,"comment_status":"open","ping_status":"closed","template":"","meta":[],"product_cat":[114,109],"product_tag":[],"class_list":{"0":"post-1486","1":"product","2":"type-product","3":"status-publish","4":"has-post-thumbnail","5":"hentry","6":"product_cat-artistas-bandas","7":"product_cat-camisetas","swatches":"rey-swatches","show_selected":""},"acf":[],"_links":{"self":[{"href":"https:\/\/furglam.net\/index.php\/wp-json\/wp\/v2\/product\/1486","targetHints":{"allow":["GET"]}}],"collection":[{"href":"https:\/\/furglam.net\/index.php\/wp-json\/wp\/v2\/product"}],"about":[{"href":"https:\/\/furglam.net\/index.php\/wp-json\/wp\/v2\/types\/product"}],"replies":[{"embeddable":true,"href":"https:\/\/furglam.net\/index.php\/wp-json\/wp\/v2\/comments?post=1486"}],"wp:featuredmedia":[{"embeddable":true,"href":"https:\/\/furglam.net\/index.php\/wp-json\/wp\/v2\/media\/1447"}],"wp:attachment":[{"href":"https:\/\/furglam.net\/index.php\/wp-json\/wp\/v2\/media?parent=1486"}],"wp:term":[{"taxonomy":"product_cat","embeddable":true,"href":"https:\/\/furglam.net\/index.php\/wp-json\/wp\/v2\/product_cat?post=1486"},{"taxonomy":"product_tag","embeddable":true,"href":"https:\/\/furglam.net\/index.php\/wp-json\/wp\/v2\/product_tag?post=1486"}],"curies":[{"name":"wp","href":"https:\/\/api.w.org\/{rel}","templated":true}]}}