{"id":1675,"date":"2024-04-01T15:53:01","date_gmt":"2024-04-01T20:53:01","guid":{"rendered":"https:\/\/furglam.net\/?post_type=product&#038;p=1675"},"modified":"2024-04-01T16:53:51","modified_gmt":"2024-04-01T21:53:51","slug":"rosalia-vintage","status":"publish","type":"product","link":"https:\/\/furglam.net\/index.php\/product\/rosalia-vintage\/","title":{"rendered":"Rosal\u00eda Vintage"},"content":{"rendered":"<p>Camiseta de algod\u00f3n de Rosal\u00eda<\/p>\n","protected":false},"excerpt":{"rendered":"<p>Camiseta versi\u00f3n bootleg vintage de la Rosal\u00eda<\/p>\n","protected":false},"featured_media":1682,"comment_status":"open","ping_status":"closed","template":"","meta":[],"product_cat":[109,114],"product_tag":[],"class_list":{"0":"post-1675","1":"product","2":"type-product","3":"status-publish","4":"has-post-thumbnail","5":"hentry","6":"product_cat-camisetas","7":"product_cat-artistas-bandas","swatches":"rey-swatches","show_selected":""},"acf":[],"_links":{"self":[{"href":"https:\/\/furglam.net\/index.php\/wp-json\/wp\/v2\/product\/1675","targetHints":{"allow":["GET"]}}],"collection":[{"href":"https:\/\/furglam.net\/index.php\/wp-json\/wp\/v2\/product"}],"about":[{"href":"https:\/\/furglam.net\/index.php\/wp-json\/wp\/v2\/types\/product"}],"replies":[{"embeddable":true,"href":"https:\/\/furglam.net\/index.php\/wp-json\/wp\/v2\/comments?post=1675"}],"wp:featuredmedia":[{"embeddable":true,"href":"https:\/\/furglam.net\/index.php\/wp-json\/wp\/v2\/media\/1682"}],"wp:attachment":[{"href":"https:\/\/furglam.net\/index.php\/wp-json\/wp\/v2\/media?parent=1675"}],"wp:term":[{"taxonomy":"product_cat","embeddable":true,"href":"https:\/\/furglam.net\/index.php\/wp-json\/wp\/v2\/product_cat?post=1675"},{"taxonomy":"product_tag","embeddable":true,"href":"https:\/\/furglam.net\/index.php\/wp-json\/wp\/v2\/product_tag?post=1675"}],"curies":[{"name":"wp","href":"https:\/\/api.w.org\/{rel}","templated":true}]}}